hat are the prime factors of 623?
7, 89
List the prime factors of 9297.
3, 1033
List the prime factors of 386.
2, 193
List the prime factors of 7519.
73, 103
What are the prime factors of 1175?
5, 47
List the prime factors of 29201.
29201
What are the prime factors of 102075?
3, 5, 1361
What are the prime factors of 5984?
2, 11, 17
List the prime factors of 245.
5, 7
What are the prime factors of 2206?
2, 1103
What are the prime factors of 1582?
2, 7, 113
List the prime factors of 55.
5, 11
What are the prime factors of 15366?
2, 3, 13, 197
What are the prime factors of 23007?
3, 7669
List the prime factors of 4024.
2, 503
List the prime factors of 2900.
2, 5, 29
List the prime factors of 2650.
2, 5, 53
List the prime factors of 77230.
2, 5, 7723
List the prime factors of 31537.
11, 47, 61
List the prime factors of 12276.
2, 3, 11, 31
What are the prime factors of 2241?
3, 83
What are the prime factors of 22816?
2, 23, 31
What are the prime factors of 14318?
2, 7159
What are the prime factors of 4024?
2, 503
List the prime factors of 4197.
3, 1399
What are the prime factors of 1089?
3, 11
List the prime factors of 1242.
2, 3, 23
List the prime factors of 725.
5, 29
What are the prime factors of 19153?
107, 179
What are the prime factors of 272?
2, 17
List the prime factors of 1511.
1511
List the prime factors of 6850.
2, 5, 137
List the prime factors of 28996.
2, 11, 659
List the prime factors of 2463.
3, 821
List the prime factors of 10586.
2, 67, 79
List the prime factors of 9638.
2, 61, 79
What are the prime factors of 6812?
2, 13, 131
What are the prime factors of 16947?
3, 7, 269
What are the prime factors of 36125?
5, 17
What are the prime factors of 1987?
1987
What are the prime factors of 505?
5, 101
List the prime factors of 56499.
3, 37, 509
List the prime factors of 5436.
2, 3, 151
What are the prime factors of 29?
29
What are the prime factors of 34151?
13, 37, 71
What are the prime factors of 10575?
3, 5, 47
List the prime factors of 5941.
13, 457
What are the prime factors of 56418?
2, 3, 9403
List the prime factors of 115805.
5, 19, 23, 53
List the prime factors of 2357.
2357
What are the prime factors of 20894?
2, 31, 337
What are the prime factors of 885?
3, 5, 59
What are the prime factors of 7784?
2, 7, 139
List the prime factors of 82842.
2, 3, 13807
List the prime factors of 27340.
2, 5, 1367
What are the prime factors of 1623?
3, 541
List the prime factors of 853.
853
What are the prime factors of 13358?
2, 6679
List the prime factors of 4909.
4909
List the prime factors of 13298.
2, 61, 109
List the prime factors of 52773.
3, 7, 359
What are the prime factors of 66247?
31, 2137
What are the prime factors of 2949?
3, 983
What are the prime factors of 1539?
3, 19
List the prime factors of 13018.
2, 23, 283
List the prime factors of 899.
29, 31
What are the prime factors of 3467?
3467
What are the prime factors of 2509?
13, 193
What are the prime factors of 454?
2, 227
List the prime factors of 1574.
2, 787
What are the prime factors of 3766?
2, 7, 269
What are the prime factors of 4682?
2, 2341
What are the prime factors of 5274?
2, 3, 293
List the prime factors of 1827.
3, 7, 29
List the prime factors of 849.
3, 283
List the prime factors of 764.
2, 191
What are the prime factors of 66528?
2, 3, 7, 11
List the prime factors of 150960.
2, 3, 5, 17, 37
What are the prime factors of 314?
2, 157
List the prime factors of 1670.
2, 5, 167
What are the prime factors of 2074?
2, 17, 61
List the prime factors of 947.
947
What are the prime factors of 110867?
29, 3823
List the prime factors of 3267.
3, 11
List the prime factors of 37559.
23, 71
What are the prime factors of 3637?
3637
What are the prime factors of 852?
2, 3, 71
What are the prime factors of 4629?
3, 1543
What are the prime factors of 5673?
3, 31, 61
List the prime factors of 112949.
179, 631
List the prime factors of 1418.
2, 709
List the prime factors of 2175.
3, 5, 29
What are the prime factors of 3421?
11, 311
What are the prime factors of 33917?
13, 2609
List the prime factors of 58542.
2, 3, 11, 887
What are the prime factors of 1610?
2, 5, 7, 23
List the prime factors of 49651.
7, 41, 173
What are the prime factors of 2459?
2459
What are the prime factors of 8063?
11, 733
List the prime factors of 6296.
2, 787
What are the prime factors of 11191?
19, 31
What are the prime factors of 8054?
2, 4027
List the prime factors of 500.
2, 5
What are the prime factors of 3242?
2, 1621
What are the prime factors of 16270?
2, 5, 1627
List the prime factors of 3617.
3617
List the prime factors of 1107.
3, 41
List the prime factors of 8471.
43, 197
List the prime factors of 9867.
3, 11, 13, 23
What are the prime factors of 16845?
3, 5, 1123
List the prime factors of 334.
2, 167
List the prime factors of 7890.
2, 3, 5, 263
What are the prime factors of 10398?
2, 3, 1733
List the prime factors of 121830.
2, 3, 5, 31, 131
What are the prime factors of 5775?
3, 5, 7, 11
What are the prime factors of 1561?
7, 223
List the prime factors of 63957.
3, 21319
List the prime factors of 1394.
2, 17, 41
What are the prime factors of 39781?
7, 5683
List the prime factors of 74227.
199, 373
List the prime factors of 3119.
3119
What are the prime factors of 10335?
3, 5, 13, 53
What are the prime factors of 1304?
2, 163
List the prime factors of 55857.
3, 43, 433
List the prime factors of 994.
2, 7, 71
List the prime factors of 120030.
2, 3, 5, 4001
What are the prime factors of 95662?
2, 7, 6833
What are the prime factors of 21844?
2, 43, 127
What are the prime factors of 2209?
47
What are the prime factors of 2385?
3, 5, 53
List the prime factors of 181345.
5, 36269
What are the prime factors of 77431?
77431
What are the prime factors of 6011?
6011
List the prime factors of 73523.
73523
List the prime factors of 5207.
41, 127
List the prime factors of 8602.
2, 11, 17, 23
List the prime factors of 36246.
2, 3, 7, 863
What are the prime factors of 1563?
3, 521
What are the prime factors of 2992?
2, 11, 17
What are the prime factors of 301?
7, 43
What are the prime factors of 1132?
2, 283
List the prime factors of 44108.
2, 11027
What are the prime factors of 105791?
7, 17, 127
List the prime factors of 51729.
3, 43, 401
List the prime factors of 17475.
3, 5, 233
List the prime factors of 21691.
109, 199
List the prime factors of 17677.
11, 1607
What are the prime factors of 15350?
2, 5, 307
What are the prime factors of 4752?
2, 3, 11
What are the prime factors of 8527?
8527
List the prime factors of 5119.
5119
List the prime factors of 11862.
2, 3, 659
What are the prime factors of 2918?
2, 1459
List the prime factors of 2331.
3, 7, 37
List the prime factors of 17175.
3, 5, 229
What are the prime factors of 1360?
2, 5, 17
What are the prime factors of 101737?
101737
List the prime factors of 538.
2, 269
List the prime factors of 24406.
2, 12203
What are the prime factors of 2619?
3, 97
List the prime factors of 7432.
2, 929
What are the prime factors of 3540?
2, 3, 5, 59
What are the prime factors of 1135?
5, 227
What are the prime factors of 1833?
3, 13, 47
List the prime factors of 2743.
13, 211
What are the prime factors of 238?
2, 7, 17
List the prime factors of 532.
2, 7, 19
List the prime factors of 1579.
1579
List the prime factors of 3327.
3, 1109
List the prime factors of 11666.
2, 19, 307
What are the prime factors of 701?
701
List the prime factors of 3732.
2, 3, 311
List the prime factors of 1150.
2, 5, 23
List the prime factors of 19760.
2, 5, 13, 19
List the prime factors of 245.
5, 7
What are the prime factors of 3711?
3, 1237
List the prime factors of 5793.
3, 1931
List the prime factors of 7545.
3, 5, 503
List the prime factors of 57591.
3, 79
What are the prime factors of 849?
3, 283
List the prime factors of 4816.
2, 7, 43
List the prime factors of 90686.
2, 45343
List the prime factors of 72038.
2, 181, 199
What are the prime factors of 7092?
2, 3, 197
What are the prime factors of 10363?
43, 241
List the prime factors of 7140.
2, 3, 5, 7, 17
List the prime factors of 4403.
7, 17, 37
List the prime factors of 8733.
3, 41, 71
List the prime factors of 33757.
33757
List the prime factors of 45.
3, 5
What are the prime factors of 10503?
3, 389
List the prime factors 